o. What is the highest common factor of n and l?
5
Let v(y) = 4*y - 31. Let o be v(9). Suppose -s + 6 = -4*p - 22, -125 = -5*s + o*p. What is the highest common divisor of s and 60?
12
Suppose 4*o = 2*o + 320. Let p = 339 - 307. What is the highest common factor of o and p?
32
Let q(g) = 11*g**3 - 4*g**2 + 2*g + 1. Let a be q(2). Let y be 2/(-7) + 1100/a. Suppose t + 3*t - 112 = 0. What is the greatest common factor of y and t?
14
Let i(c) = -c + 39 - 42 + 2*c. Let l be i(7). What is the greatest common factor of 68 and l?
4
Let b(p) = -p - 12. Let o be b(-14). Let m(y) = y**3 - 3*y**2 + 5*y. Let a be m(o). Let v = -32 + 62. What is the highest common factor of v and a?
6
Let l be (-1)/5 + (-363)/(-15). Let x = 10 - l. Let n be 12/(-10)*175/x. What is the greatest common divisor of 6 and n?
3
Suppose -55*p = -58*p - 2*g + 1274, -4*g + 438 = p. What is the greatest common divisor of p and 2?
2
Let g be ((-1)/(-2))/(28/6720). What is the highest common divisor of g and 680?
40
Let n(v) = 6*v**2 + 2*v - 1. Let l be n(-1). Let y be (16/20)/(l/30). What is the greatest common divisor of y and 8?
8
Let l be (-60)/36*(-24)/2. Let y = 52 + l. Calculate the greatest common factor of 48 and y.
24
Let r be (-861)/123 + 67*1. Calculate the highest common divisor of 380 and r.
20
Let r(j) = -j + 18. Let f be r(0). Let x = f - 11. Suppose -4*o + 0*o + 308 = 0. Calculate the greatest common divisor of x and o.
7
Suppose -2*g + 42 = 4*j + j, -4*g = 4*j - 36. Let r(l) = 6*l**2 + 2. Let w be r(3). Calculate the greatest common divisor of j and w.
8
Suppose z = -3*x + 61 - 19, -3*z + 112 = 2*x. Calculate the highest common factor of 36 and z.
36
Let s be 25 + -24 - -1*244. What is the greatest common factor of 350 and s?
35
Let c(u) = -u**3 - 26*u**2 + 23*u + 15. Let x be c(-27). What is the highest common factor of x and 6?
3
Suppose -9*u - 1239 = 12*u. Let f = -36 - u. Calculate the highest common divisor of 207 and f.
23
Suppose -4*d + 71 + 77 = 4*r, 5*d - 4*r - 176 = 0. Suppose -22*m = -21*m - 18. What is the greatest common factor of m and d?
18
Suppose -5*i + 0*i + 15 = -w, -3*w - 12 = -4*i. Calculate the highest common factor of i and 57.
3
Let t = -8 - -11. Suppose -3*y + 116 = 5*i + 30, 0 = t*i - y - 46. Let m = 104 - 40. What is the greatest common factor of i and m?
16
Let s be 2 - -44*2/2. Suppose 4*a + 2*m + 2206 = 442, 5*a + m + 2202 = 0. Let q be 5 - a/(3 - -1). Calculate the greatest common factor of q and s.
23
Suppose -51 = 6*w - 63. Suppose 8*f = -w*f + 170. What is the greatest common divisor of 34 and f?
17
Let l be 324/594 + 60/11. Suppose f = 4*f. Suppose f = 3*c + c - 48. Calculate the greatest common factor of l and c.
6
Suppose -3*l + 4*v + 247 = 0, v + 186 + 58 = 3*l. What is the greatest common divisor of l and 216?
27
Suppose -531 = -5*w - 516, l = -5*w + 78. Let c be 250/6 + 2/6. Calculate the highest common divisor of c and l.
21
Suppose 4*v = 5*x - 6*x + 4039, 4045 = 4*v - 5*x. Calculate the greatest common factor of v and 30.
10
Let w(s) = -25*s**2 + 24*s**2 + 8*s + 10 + s + 2*s. Let a be w(11). Let c = 15 + 0. Calculate the greatest common divisor of c and a.
5
Suppose 0 = -7*g - 151 - 17. Let d = g - -78. What is the greatest common divisor of 9 and d?
9
Let w = -33 - -40. Suppose 0 = -3*b + w*b - 36. What is the greatest common factor of b and 27?
9
Let l be 64 - 7/(21/12). Suppose -4*a = 2*x - 106, 4*a - x - 91 = -0*a. What is the greatest common divisor of l and a?
12
Let s be (-2)/(-3) - (-56)/6. Suppose 2*y - 227 = -5*k + 29, -y + 3 = 0. Calculate the highest common factor of s and k.
10
Suppose g = -4*v + 216 - 25, 0 = -2*v + 2*g + 108. Suppose 0 = 7*o - 91 + v. What is the greatest common factor of o and 15?
3
Suppose 48*l + 4*q = 45*l + 114, -3*q = -2*l + 76. What is the greatest common factor of 1406 and l?
38
Let u = 17 - -5. Let g = -3 - -24. Let d = g + 1. Calculate the greatest common divisor of u and d.
22
Let l = 41 + -24. Suppose -p = 4*i - l, 3*i - 4 = -p + 9. Suppose -12 = i*o - 44. Calculate the highest common factor of 4 and o.
4
Suppose -228*d + 216*d + 48 = 0. Calculate the highest common factor of 11 and d.
1
Let d = -37 - -65. Suppose g + 2*k - 14 = -0*g, -4*k - d = -2*g. Calculate the greatest common divisor of 154 and g.
14
Let z = -8 - -14. Let l be ((-18)/(-24))/(3/20) + 73. Calculate the highest common factor of z and l.
6
Let c = -9 - -9. Suppose 2*z - 70 = -2*x, c*z = 4*z - x - 125. Calculate the highest common factor of 80 and z.
16
Let l = 392 + -279. Let i = l - 86. What is the highest common divisor of 216 and i?
27
Let b(t) = -t**2 + 17*t - 16. Let k be b(6). Suppose l - 2*l = -431. Let j = l - 306. What is the highest common factor of j and k?
25
Let u(d) = 17 - 2*d**2 - 6*d + 6*d**2 - 5*d**2 + 2*d**2. Let j be u(9). What is the greatest common divisor of 66 and j?
22
Suppose 2*z = -0*z + 60. Suppose 5*t = 2*f + 96, t + 4*f = -0*t + 28. What is the greatest common factor of z and t?
10
Suppose -16*m - 2724 + 3044 = 0. What is the highest common factor of 132 and m?
4
Suppose -2*x = 2*x - 280. Let m(p) = 2*p**2. Let d be m(-1). Suppose d*b + w - 58 = -0*w, 0 = -4*b - w + 114. What is the greatest common divisor of x and b?
14
Suppose 0 = 5*x + 3*p - 420, 334 = 4*x - 10*p + 12*p. What is the highest common factor of 3 and x?
3
Suppose -3 + 17 = 7*h. Let t be 2010/12 - (7/h)/(-7). What is the greatest common factor of t and 14?
14
Let q be 3 + -9 + (-4)/(-1). Let b be (11 - (-2 - q)) + -6 + 6. Let n be -2 - 3*-2*4. Calculate the highest common divisor of b and n.
11
Let k = -238 + 241. Calculate the highest common divisor of 3 and k.
3
Suppose 0*v - 7*v = -42. Suppose 2*s - 3*h - v = 0, 2*s - 5 - 21 = -2*h. What is the highest common divisor of 81 and s?
9
Let c(i) = -21*i - 50. Let n be c(-12). Suppose -3*k = -143 - n. What is the greatest common factor of 46 and k?
23
Let c(p) = 2*p**3 - 4*p**2 - p**3 - 3*p**2 + 4. Let t be c(7). Suppose 3*v = y + 6, -5*y + 0 - 10 = 5*v. What is the highest common divisor of t and v?
1
Suppose i - 8 = v - 3, 3*i + 2*v + 10 = 0. Let k(y) = 2 - 5 + i*y + 5*y + 4 - y**3 - 4*y**2. Let j be k(-5). What is the highest common divisor of 2 and j?
1
Suppose 0 = -2*a + 5*n + 35 - 2, n = -3. Let b = 6 - 4. Suppose -b*t - 4*o = -70, -5*o - 31 = -2*t + 84. Calculate the greatest common divisor of t and a.
9
Let a(g) = -g**2 - 6*g - 9. Let c(b) = b + 1. Let n(x) = -2*a(x) - 4*c(x). Let h be n(-4). What is the greatest common divisor of h and 2?
2
Let s(c) = -c + 16. Let h be s(12). Suppose -2*f - 5*p = -27 - 43, h*p = 2*f - 106. Calculate the highest common factor of f and 15.
15
Let u(w) = w**3 + 5*w**2 - 5*w + 5. Let h be u(-5). Suppose 0 = -23*q - 19*q + 420. Calculate the greatest common divisor of h and q.
10
Let w = 33 + -21. Let h be -11 + (-2 - 10/5). Let m be (28/w - 3)*h. What is the highest common divisor of m and 2?
2
Let p(l) = 2*l**2 - 3*l - 4. Let h be p(-12). Calculate the highest common divisor of h and 60.
20
Suppose -11 - 19 = -3*y. What is the greatest common factor of y and 4?
2
Suppose 0 = 3*l - r - 132, -4*l + 0*l = 2*r - 186. Calculate the greatest common divisor of l and 120.
15
Suppose -2*x + 5 = 1. Let j be (-30)/(-9) - 32/24. Suppose g - x*g + 110 = 2*k, -106 = -j*k - 3*g. Calculate the highest common factor of k and 14.
14
Let x be 42 + 0 + (-3 - 0). What is the greatest common factor of x and 325?
13
Let l = -410 - -488. What is the greatest common divisor of l and 338?
26
Suppose 25*p = 27*p + 18. Let f = p - -11. Let r be ((-12)/(-24))/(f/80). What is the highest common factor of r and 8?
4
Let q be (-11)/2*10244/(-2167). What is the greatest common factor of 533 and q?
13
Suppose 2*b = 7*b - 10, -b + 176 = -i. Let h be i/(-9) + 2/(-6). Let x = 66 + 105. What is the greatest common factor of h and x?
19
Let a(p) be the second derivative of -p**5/20 - p**4/2 - p**3/2 - 8*p**2 + p. Let s be a(-6). Calculate the highest common divisor of 1 and s.
1
Let s = 888 + -778. What is the highest common divisor of s and 495?
55
Let u = 259 - 252. Let g be (1 + 19/(-3))*-18. Let p = 152 - g. What is the greatest common factor of u and p?
7
Let n(w) = -3*w**3 + 10*w**2 + 9*w - 28. Let l be n(-5). What is the highest common divisor of l and 414?
138
L